 + 2*b - l = 0. List the prime factors of v.
7
Suppose 0 = r - 5*r + 24. Suppose -r*a - 124 = 734. Let y = 305 + a. What are the prime factors of y?
2, 3
Let a(b) = 4*b - 17*b**2 - 18 + b**3 + 4 + 7 - 6. What are the prime factors of a(19)?
5, 157
Let g = 4403 + 1835. List the prime factors of g.
2, 3119
Let d be ((-469)/(-402))/((-2)/(-12)). Suppose -d*h + 87885 = 56*h. List the prime factors of h.
3, 5, 31
Let a = 15221 + 8820. Suppose 11084 + a = 25*u. What are the prime factors of u?
5, 281
Let l = 0 + -4. Let j be 10/(l/2) + -51. Let w = j + 118. List the prime factors of w.
2, 31
Let u(f) = f**2 - 14*f - 10. Let c be u(16). Suppose -3698 = -c*g + 6862. List the prime factors of g.
2, 3, 5
Suppose -15 = 3*f - 21. Let i be 1/(f/(-146)) - (7 + -6). Let t = i + 151. What are the prime factors of t?
7, 11
Let w = 4279 - 2985. List the prime factors of w.
2, 647
Let v be (0 - (-36)/2)*84/252. List the prime factors of (4/v)/(2/210 + 0).
2, 5, 7
Let p(a) = -a**3 + 6*a**2 - 11*a + 60. Let i be p(6). List the prime factors of -9 - i/18*3327.
2, 5, 11
Let v = -44 + 51. Suppose -k = -8*k - v. What are the prime factors of (1028/8)/(k/8*-4)?
257
Suppose 0 = -4*u - 132 + 112. Let k(a) = -71*a + 51. What are the prime factors of k(u)?
2, 7, 29
Suppose 87*r + 6555 = 90*r - 3*p, 0 = -3*r - 3*p + 6549. List the prime factors of r.
2, 3, 7, 13
Let q = -252 - -256. Suppose -8*w = -2*x - 4*w + 972, 3*x + q*w = 1408. What are the prime factors of x?
2, 7, 17
Suppose -4*g + 2*v + 16 = 0, 6*v = -2*g + 2*v - 2. Let a be (-3 - -1) + g + (7 - -3). Let o(y) = -y**3 + 11*y**2 + 4*y - 21. List the prime factors of o(a).
23
Let l(i) = i**3 - 3*i**2 - i - 23. Let o be l(4). List the prime factors of (o - -8)/(-1*12/5908).
7, 211
Let q = 18269 - 11677. What are the prime factors of q?
2, 103
Let d be (-5 - 1)*8/(-12). Suppose -d*q + 52 = -0*q. Suppose 5*g - q = 52. List the prime factors of g.
13
Let r(k) = k**3 + 9*k**2 - 12*k - 23. Let b be r(-10). What are the prime factors of b + (-4 - -11 - 0) + 90?
2, 47
Let r be 2/6*(-7*1 - 2). Let f be (-25 + 4 - r)/(-1). Suppose f*c = 14*c + 132. List the prime factors of c.
3, 11
Let d(q) be the first derivative of -11*q**2/2 + 6*q - 10. Let z(h) = -h**3 + 2*h**2 - h - 2. Let g be z(2). List the prime factors of d(g).
2, 5
Suppose 35783 = -3*r + 8*r - k, 0 = 5*r + 2*k - 35789. What are the prime factors of r?
17, 421
Suppose 3*i + 5785 = -2*t + 33533, -4*t - 5*i = -55498. What are the prime factors of t?
13877
Suppose 0 = 3*x - 7*x - 4*g - 6240, -2*x - 5*g - 3120 = 0. List the prime factors of (2*-1)/(20/x).
2, 3, 13
Let q(i) = 91*i. Let p be ((-132)/20)/((-9)/5 + 2). Let c = p - -34. List the prime factors of q(c).
7, 13
Let m(t) = t**2 - 6*t - 142. Let g be m(15). Let r(k) be the first derivative of -6*k**2 - 20*k + 1. What are the prime factors of r(g)?
2
List the prime factors of (-56 + 2)*-302*(60/(-24) + 3).
2, 3, 151
Let n(o) = o**3 - 49*o**2 - 105*o + 157. Let s be n(51). Suppose -5*t - s*i + 2900 = 0, 3*t + 5*i - 1740 = -0*t. What are the prime factors of t?
2, 5, 29
Suppose -1242816 + 384925 = -79*m + 663886. List the prime factors of m.
3, 6421
Suppose -4*r + 927 = -5*o, -4*r + 3*o + 0*o = -929. Let w = -250 + 151. Let t = w + r. List the prime factors of t.
2, 67
Suppose -64 = 3*h - 4*j, -h + 4*j + 10 - 26 = 0. Let s = h + 27. Suppose s = -18*f + 19*f. List the prime factors of f.
3
Suppose -94*s + 98*s + 6313 = 21289. What are the prime factors of s?
2, 3, 13
Suppose -11 = 4*q - 2*l - 37, -20 = 4*l. Suppose -5*g = -q*n - 7*g + 2310, 2*n - 5*g - 1161 = 0. What are the prime factors of n?
2, 17
Let h(y) = y**2 - y - 3. Let j(d) = 10*d**2 - d - 63. Let x(a) = -2*h(a) + j(a). List the prime factors of x(-12).
3, 19
Let a(g) = -111*g - 10. Let h be 6/2*24/9. Suppose h*n - 6 = 11*n. What are the prime factors of a(n)?
2, 53
Let l be 2/(6/(-5))*(10 + -13). Suppose 0 = l*m - 9*m + 8. What are the prime factors of (-29)/(m - 3/1)?
29
Let p(f) = -225*f + 20. Let g be p(-1). Let c = g - 103. What are the prime factors of c?
2, 71
Suppose 4*h = r - 0*h + 1, 4*h - 20 = 0. Suppose 9 - r = -2*s. Suppose -s*a - 59 = -2*m, 5*m - 2*a - 99 - 17 = 0. What are the prime factors of m?
2, 11
Suppose -4*o = -2*b - 7 - 3, 2 = 2*b. Let j be 2 - (o + 25 + -1). List the prime factors of (-2180)/j - (-3)/(-15).
3, 29
Let i = 8595 + 325. What are the prime factors of i?
2, 5, 223
Suppose -2*a + 22*j = 26*j - 130198, 3*j + 130163 = 2*a. What are the prime factors of a?
65089
List the prime factors of 16/12*850905/90.
2, 3, 11, 191
Let c(m) = -m**2 - 3. Let p be c(0). What are the prime factors of (-9 - p - -12) + 303?
3, 103
Let d(v) = -v**3 - 39*v**2 + 38*v - 113. Let b be d(-40). What are the prime factors of 302*(7 - b/(-6))?
3, 151
Let t = 8 + -2. Let v = 199 - 175. Suppose -v*l = -t*l - 648. List the prime factors of l.
2, 3
Let y(k) be the third derivative of -181*k**6/120 - k**4/12 - k**3/3 + 77*k**2. What are the prime factors of y(-1)?
181
Suppose -133592 + 7547 = -15*k. What are the prime factors of k?
3, 2801
Let p = -445 - 664. Let r = p - -1708. What are the prime factors of r?
599
List the prime factors of 3/(-18)*10 + (-13176636)/(-198).
13, 5119
Let x(w) be the first derivative of w**2 + 98*w - 60. What are the prime factors of x(19)?
2, 17
Let z(i) = 15*i - 7. Let u(w) = w. Let o(b) = -3*u(b) + z(b). Let f be o(2). Suppose -13 - f = -3*v. List the prime factors of v.
2, 5
Let b = 8206 + -6417. List the prime factors of b.
1789
Suppose -7*y - 25 = -256. Let w(n) = 10*n - 47. What are the prime factors of w(y)?
283
Let q = -405 - -427. Suppose 0 = q*a - 10*a - 2508. List the prime factors of a.
11, 19
Suppose -g = -q - 12056, -13*q - 24100 = -2*g - 8*q. List the prime factors of g.
2, 3, 5, 67
Let x(f) = 102*f + 10403. What are the prime factors of x(-47)?
71, 79
Let o = 15836 + -1921. List the prime factors of o.
5, 11, 23
Suppose 18*r = 21*r + 810. Let d = 569 + r. What are the prime factors of d?
13, 23
Let q(z) = -z**3 - 89*z**2 - 92*z - 1653. List the prime factors of q(-93).
3, 29, 53
Let t(w) = 62*w**2 + 62*w - 36. Let y be t(-15). What are the prime factors of y/21 + (-2 - (-120)/70)?
2, 3, 103
Suppose 6*k = -k + 8316. Suppose -2*g + k + 794 = 0. What are the prime factors of g?
991
Suppose -o = 2*a - 29, 5*a + 13 - 86 = -3*o. Suppose 10 = -2*u + a. Suppose -u*y = -151 - 71. What are the prime factors of y?
3, 37
Let z(j) = j - 21. Let k be z(17). Let p = k + 4. Suppose p*c = -c + 10. List the prime factors of c.
2, 5
Suppose 4*z = -4*a + 16, -5*z = 3*a - 27 - 3. Suppose z*d = 63 - 225. What are the prime factors of 2138/(-18)*-1 - 4/d?
7, 17
Let u(r) = 3*r**3 + 6*r**2 - 6*r + 241. List the prime factors of u(11).
2, 2447
Let o(h) = -h**3 + 17*h**2 - 16*h - 1. Suppose -224 = 4*m - 4*s, -4*s - 76 = m - 0*m. Let w = -45 - m. What are the prime factors of o(w)?
11, 19
Suppose -5*n + 570 = -0*n. Let r = -564 - -795. Let c = r - n. List the prime factors of c.
3, 13
Let i(j) = 12*j**3 + 391*j**2 - 43*j + 12. List the prime factors of i(-32).
2, 3, 23, 31
Let a = 205 - 85. Suppose -1912 = -6*j - 2*j. Let n = j - a. What are the prime factors of n?
7, 17
Suppose 3*w - 51430 = -2*u - 11646, -u = 7. What are the prime factors of w?
2, 3, 11, 67
Let i(t) = -3*t + 58. Let u be i(18). Suppose 0 = -3*b - u*o - 1863, 3*b + 5*o = 4*b + 621. Let l = -442 - b. List the prime factors of l.
179
Let w(o) = 2*o - 3. Let y be w(0). Let n be 59/(-1)*y/3. Let d = n + -3. List the prime factors of d.
2, 7
Let u = -7 - 38. Let y = u + 13. Let a = y - -54. What are the prime factors of a?
2, 11
Let w(u) = 26*u - 38. Let h(i) = -i**3 + 7*i**2 + 5*i + 40. Let p be h(8). List the prime factors of w(p).
2, 3, 7
Let g = 49046 - 39170. List the prime factors of g.
2, 3, 823
Suppose -4*m + 4*i = -0*i + 16, 4*m + 61 = -5*i. Let k(g) = -2*g**3 - 8*g**2 + 12*g + 9. What are the prime factors of k(m)?
3, 79
Let w(g) = -g**2 + 5*g + 16. Let a be w(8). Let i = a + 73. What are the prime factors of i?
5, 13
Let i(s) = -s - 12. Let y be i(-16). Suppose 65 = 3*u - y*z, 16 = 5*z - 4. List the prime factors of u.
3
Let r be 0/((-1 - -2) + -3). Suppose w = -3*h + 284, r*w = 2*h + w - 188. List the prime factors of h.
2, 3
Let y be 6/(-10)*45/(-9). Suppose 30*l 